sor of b and 512.
16
Let a = 47 - 34. Let w = a - 27. Let q = -4 - w. What is the highest common divisor of 50 and q?
10
Let j(y) = y**2 + 8*y + 17. Let d be j(-5). Suppose 3*v = -d*x + 33, v + 5*x - 17 = -6. What is the highest common factor of 253 and v?
11
Let t(u) = -u**3 + 10*u**2 + 26*u - 19. Let i be t(12). Suppose -4*l - 2*q = -70, i*q = 3*l - 26 - 20. What is the greatest common divisor of 153 and l?
17
Let p(a) = a**3 - 9*a**2 - 22*a - 5. Let z be p(11). Let n be (-44)/z*100/40. Calculate the highest common factor of n and 66.
22
Suppose 0 = -39*n + 53*n - 56. Let o(i) = -i**3 + 5*i**2 + 2*i + 6. Let k be o(n). Calculate the greatest common divisor of 20 and k.
10
Let g be ((-3)/(36/(-280)))/((-32)/(-48)). What is the greatest common divisor of g and 20?
5
Let f = -697 - -13983. Calculate the greatest common factor of f and 728.
182
Let n(p) = -2*p**2 - 70*p - 43. Let v be n(-34). Suppose 0 = 13*z - v*z + 3960. Calculate the highest common factor of 22 and z.
22
Suppose u + 97 - 120 = 0. Let v = u - 19. Calculate the greatest common factor of v and 100.
4
Let i = 133 + 12. Let b = i - 105. What is the highest common factor of b and 5?
5
Let f be (-9555)/(-1885) + -5 + (-143)/(-29). Calculate the greatest common divisor of f and 1245.
5
Let o = -5872 - -6368. Calculate the highest common factor of o and 144.
16
Let b = 7 - -11. Let r be (-1235)/(-171) - 4/b. Suppose 0 = -10*k + r*k + 6. What is the greatest common factor of 22 and k?
2
Suppose -247*l = -372*l + 15750. What is the highest common factor of 1530 and l?
18
Let b(j) = 2*j + 37. Let l(i) = 2*i**2 + 17*i - 14. Let x be l(-9). Let k be b(x). What is the greatest common factor of k and 351?
27
Let p = 1243 + -190. Calculate the highest common divisor of p and 405.
81
Let i = 45 + -41. Let x(w) = 2*w**2 + 5*w + 2. Let f be x(i). Let g = 88 - 16. What is the greatest common divisor of f and g?
18
Let w(l) = l**2 + 54*l + 608. Let b be w(-42). Calculate the highest common factor of b and 1586.
26
Suppose 5*o - 3*t - 26446 = -5552, 0 = o - t - 4178. Calculate the greatest common divisor of 220 and o.
220
Let s = -3253 - -3365. Calculate the greatest common divisor of 32 and s.
16
Suppose 34*c + 211 = 279. Calculate the greatest common divisor of c and 262.
2
Suppose 44 = 20*s - 216. Suppose s*g - 55 = 2*g. Suppose 3*q + 45 = g*b, -b + 9 = 5*q - 0*q. Calculate the greatest common divisor of b and 36.
9
Suppose 0 = c - 3*k + 546, -2*k - 4 = -3*k. Let s be 8/(-44) + c/(-33). Suppose -5*w + w = -s. What is the greatest common divisor of w and 12?
4
Let y be 90/(1/(1/2)). Let b be (-20)/(-8) + (-1)/(-2). Suppose -4*z - b + 23 = 0. What is the highest common divisor of y and z?
5
Let t(g) = -1102*g - 262. Let v be t(-1). Let u be (6 - 0)/2*3. Suppose 0 = 3*h + u*h - v. Calculate the highest common factor of h and 14.
14
Let b be (-1*3)/(8/(-96)). Let y be 49 + (3 - 5)/(4/(-10)). Calculate the highest common divisor of b and y.
18
Let s be (90/40)/((-6)/16). Let v be (2*s)/(5 - (-31)/(-6)). What is the highest common divisor of v and 9?
9
Let l(j) = 150*j + 5. Let m be l(1). Let k = 160 - m. Calculate the highest common divisor of 240 and k.
5
Suppose -3*h - 404 = 4*g, -g = 2*g + 3*h + 300. Let r = g + 184. Let u be 0 - (2*-16 - 0). What is the greatest common factor of r and u?
16
Suppose -215*u = -18027 - 42006 + 8863. Calculate the highest common divisor of 102 and u.
34
Suppose -2 = -2*p - 2*r, 3*r + 25 = 5*p + 4*r. Suppose -p*g + 14 = g. Suppose -m = g*m - 36. Calculate the greatest common factor of m and 3.
3
Let b(n) = n + 10. Let t be b(-2). Suppose 2*r = t*r - 660. Let q(i) = i**3 + i**2 - 2*i + 2. Let h be q(2). What is the highest common factor of r and h?
10
Let m(b) = -46*b + 94. Let s be m(2). Suppose 5*h = x + 582, 3*x - s*x = 4*h - 466. What is the highest common divisor of h and 12?
4
Suppose 2*c = 33 + 3. Let i = c - 30. Let x = 27 + i. What is the highest common factor of 30 and x?
15
Let v(k) = -3*k**3 - 2*k**2 - 33*k - 222. Let l be v(-7). What is the greatest common factor of 20 and l?
20
Suppose 3*c - 74 = o, -4*c + o + 70 + 29 = 0. Let m(n) = -n**2 + 324*n - 5985. Let p be m(20). What is the greatest common factor of p and c?
5
Suppose -97*r + 51340 = -100465. What is the greatest common divisor of 5 and r?
5
Let w(s) = 7*s**2 - 4*s + 20. Let o be w(3). Suppose -l + 4*y + o = 17, -4*l - 5*y = -216. Calculate the greatest common divisor of 126 and l.
18
Suppose 11 = 2*q - 5*z, 6 = q - 40*z + 38*z. Suppose -l + 24 = -32. What is the highest common divisor of l and q?
8
Let q = 661 - 600. Calculate the highest common divisor of q and 61.
61
Suppose -2*k = -g + 2*k + 38, 0 = -4*g + 3*k + 74. What is the greatest common factor of g and 21?
7
Let b = -584 - -608. Calculate the highest common divisor of 2424 and b.
24
Suppose 13*n - 14*n + 3 = 0. Suppose n*f = -s + 146, -s = -f - 3*s + 52. Suppose -i + 24 = 3*i. What is the highest common factor of f and i?
6
Let k = 3455 - 3411. Calculate the highest common factor of k and 946.
22
Let d(h) = -14*h - 11. Let x be d(-4). Suppose -w - 9 = -9. Suppose 0 = f - 5*o - 81 - 4, w = 3*f - 2*o - 268. Calculate the highest common divisor of f and x.
45
Suppose -35*l = 23 - 112 - 16. Calculate the greatest common factor of l and 1839.
3
Suppose -4*r + 419 = -141. Let q = r + -113. What is the highest common divisor of 81 and q?
27
Suppose 5*b - 2*n + 2890 = 0, 6*b + 5*n - 578 = 7*b. Let c = 590 + b. What is the greatest common divisor of c and 57?
3
Suppose -5*o - 23590 = -3*p - 4227, 25871 = 4*p + o. Calculate the greatest common divisor of p and 183.
61
Suppose 0 = -5*c + 778 + 1502. Suppose -5*s - 14 = 3*j - 215, -2*j = -4*s - 90. Calculate the greatest common factor of j and c.
57
Suppose 946449 = -40*m + 289*m. What is the greatest common divisor of 84 and m?
21
Let v = 22127 - 15446. Calculate the greatest common divisor of 85 and v.
17
Let i = 163 + -173. Let f be (-19 + -5)/(8 + i). Calculate the highest common factor of f and 708.
12
Suppose 0 = 2*v + 3*n - 285, -4*n - 698 = -5*v - 43. Calculate the greatest common divisor of 110 and v.
5
Let v = -10 - -35. Let z = 10 + -6. Suppose 0 = -z*k + 107 - 7. Calculate the highest common divisor of v and k.
25
Let w = 32135 - 21179. Let g be (w/(-38))/(-3) - (-40)/(-380). Suppose p + 0*p = 5*f + 41, 3*f = -2*p + 17. What is the greatest common divisor of p and g?
16
Let o = -7474 - -7518. What is the greatest common factor of 128 and o?
4
Suppose -165*f = -91*f - 98*f + 936. Calculate the greatest common divisor of f and 559.
13
Suppose 4*a + 137*k - 136*k = 465, -5*a + 3*k + 594 = 0. What is the highest common divisor of 13143 and a?
39
Let p be -1*2*((-4)/52 - (-4674)/(-78)). Let g = 98 + -8. Calculate the highest common divisor of g and p.
30
Let h(s) = 202*s + 196. Let i be h(6). Suppose -27*q = 17*q - i. What is the greatest common factor of q and 896?
32
Let r(y) = -92 + y - 2*y - 10*y**3 + 88 + 3*y. Let d be r(-2). Calculate the highest common factor of 9 and d.
9
Let s = 232 + -214. Suppose 12*p + 216 = s*p. What is the greatest common factor of p and 252?
36
Let u = -11408 + 11576. Calculate the greatest common divisor of 616 and u.
56
Let p be 1/(-2) + 219/6. Let u be p/(-8)*34/(-3). Suppose -33*s + 3950 - 2828 = 0. What is the greatest common factor of s and u?
17
Suppose 3*s - 300 = -s. Suppose 14*g - 48 = 106. Let h = 4 + g. Calculate the highest common factor of s and h.
15
Suppose -93*f + 38360 = 44*f. What is the greatest common divisor of 770 and f?
70
Let y = -484 + 629. Suppose 139*m - 134*m - 125 = 0. Calculate the highest common divisor of m and y.
5
Let l(b) = 217*b - 127. Let k be l(2). Let u = -235 + k. Calculate the highest common divisor of u and 45.
9
Suppose 27*n - 208 - 764 = 0. Suppose 403 - 79 = n*s. Calculate the highest common divisor of 63 and s.
9
Suppose -5*a = 3*s - 5228, -a + 5*s + 6629 = 5589. What is the greatest common divisor of 589 and a?
19
Let a(t) = 373*t - 4039. Let q be a(12). What is the greatest common factor of 247 and q?
19
Let c(v) be the third derivative of 0*v - 18*v**2 + 1/8*v**4 - 2/3*v**3 + 0. Let n be c(6). What is the greatest common divisor of 154 and n?
14
Let y = -10594 - -10916. Suppose 0 = 7*t - 315 - 651. Calcul